{"id":15,"date":"2020-06-09T03:28:51","date_gmt":"2020-06-09T03:28:51","guid":{"rendered":"https:\/\/partnersmarine.com\/?page_id=15"},"modified":"2024-02-28T08:40:39","modified_gmt":"2024-02-28T08:40:39","slug":"hizmetlerimiz","status":"publish","type":"page","link":"https:\/\/partnersmarine.com\/?page_id=15","title":{"rendered":"Hizmetlerimiz"},"content":{"rendered":"<section class=\"wpb-content-wrapper\"><p>[vc_row wrap_container=&#8221;yes&#8221; el_class=&#8221;py-5 background-color-primary bg-attach-fixed section-bottom-triangle-reverse&#8221; css=&#8221;.vc_custom_1707169969258{background-image: url(https:\/\/partnersmarine.com\/wp-content\/uploads\/2024\/01\/BG2.jpg?id=2573) !important;background-position: center !important;background-repeat: no-repeat !important;background-size: cover !important;}&#8221; conditional_render=&#8221;%5B%7B%22value_role%22%3A%22administrator%22%7D%5D&#8221;][vc_column][vc_custom_heading text=&#8221;H\u0130ZMETLER\u0130M\u0130Z&#8221; font_container=&#8221;tag:p|text_align:center&#8221; use_theme_fonts=&#8221;yes&#8221; skin=&#8221;light&#8221; el_class=&#8221;mb-0 pt-4&#8243; animation_type=&#8221;fadeIn&#8221;][vc_custom_heading text=&#8221;Optimizasyon Hizmetleri Temel Bile\u015fenleri&#8221; font_container=&#8221;tag:h2|font_size:1.8em|text_align:center|line_height:1&#8243; use_theme_fonts=&#8221;yes&#8221; skin=&#8221;light&#8221; animation_delay=&#8221;100&#8243; el_class=&#8221;mb-2&#8243; animation_type=&#8221;fadeInUp&#8221;][vc_row_inner el_class=&#8221;justify-content-center cards-medical-services&#8221; css=&#8221;.vc_custom_1706208845782{padding-top: 30px !important;}&#8221;][vc_column_inner el_class=&#8221;col-sm-6 m-b-lg&#8221; width=&#8221;1\/2&#8243; animation_delay=&#8221;500&#8243; offset=&#8221;vc_col-lg-6 vc_col-md-6&#8243; animation_type=&#8221;fadeInUp&#8221;]<div class=\"porto-sicon-box  vc_custom_1707223441861 h-100 hover-effect-1 background-color-light py-5 p-l-lg p-r-lg mb-0  wpb_custom_6bd3ea43243bb56571d580d187f8d1d7 style_1 top-icon\"><div class=\"porto-sicon-top\"><div id=\"porto-icon-40417919369fb2f3b84c8b\" class=\"porto-just-icon-wrapper porto-sicon-img\" style=\"font-size: 60px;\"><img loading=\"lazy\" decoding=\"async\" class=\"img-icon\" alt=\"\" src=\"https:\/\/partnersmarine.com\/wp-content\/uploads\/2024\/01\/favicon.png\" width=\"378\" height=\"378\" \/><\/div><\/div><div class=\"porto-sicon-header\"><h3 class=\"porto-sicon-title\" style=\"font-weight:700;font-size:1.3125rem;line-height:1.4;\">M\u00dcRETTEBAT Y\u00d6NET\u0130MLER\u0130 VE OPERASYONLARI<\/h3><\/div> <!-- header --><div class=\"porto-sicon-description\" style=\"\"><span style=\"color: #383838;\"><span style=\"font-weight: 400;\">M\u00fcrettebat Se\u00e7imi ve \u0130\u015fe Al\u0131m\u0131<br \/>\n<\/span><\/span><span style=\"color: #383838;\"><span style=\"font-weight: 400;\">Mobilizasyon ve Planlama<br \/>\nE\u011fitim ve Performans Yetkinlik Y\u00f6netimi<\/span><\/span><\/div> <!-- description --><\/div><!-- porto-sicon-box -->[\/vc_column_inner][vc_column_inner el_class=&#8221;col-sm-6 m-b-lg&#8221; width=&#8221;1\/2&#8243; animation_delay=&#8221;700&#8243; offset=&#8221;vc_col-lg-6 vc_col-md-6&#8243; animation_type=&#8221;fadeInUp&#8221;]<div class=\"porto-sicon-box  vc_custom_1707223449450 h-100 hover-effect-1 background-color-light py-5 p-l-lg p-r-lg mb-0  wpb_custom_6bd3ea43243bb56571d580d187f8d1d7 style_1 top-icon\"><div class=\"porto-sicon-top\"><div id=\"porto-icon-17396591069fb2f3b85047\" class=\"porto-just-icon-wrapper porto-sicon-img\" style=\"font-size: 60px;\"><img loading=\"lazy\" decoding=\"async\" class=\"img-icon\" alt=\"\" src=\"https:\/\/partnersmarine.com\/wp-content\/uploads\/2024\/01\/favicon.png\" width=\"378\" height=\"378\" \/><\/div><\/div><div class=\"porto-sicon-header\"><h3 class=\"porto-sicon-title\" style=\"font-weight:700;font-size:1.3125rem;line-height:1.4;\">B\u00dcT\u00c7ELEME VE T\u0130CAR\u0130 DESTEK<\/h3><\/div> <!-- header --><div class=\"porto-sicon-description\" style=\"\"><span style=\"color: #383838;\">Tam Kapsaml\u0131 B\u00fct\u00e7e Olu\u015fturulmas\u0131<br \/>\nFinansal ve Muhasebesel Raporlama<br \/>\nY\u0131ll\u0131k Varsay\u0131msal B\u00fct\u00e7eleme<\/span><\/div> <!-- description --><\/div><!-- porto-sicon-box -->[\/vc_column_inner][vc_column_inner el_class=&#8221;col-sm-6 m-b-lg&#8221; width=&#8221;1\/2&#8243; animation_delay=&#8221;900&#8243; offset=&#8221;vc_col-lg-6 vc_col-md-6&#8243; animation_type=&#8221;fadeInUp&#8221;]<div class=\"porto-sicon-box  vc_custom_1707223456935 h-100 hover-effect-1 background-color-light py-5 p-l-lg p-r-lg mb-0  wpb_custom_6bd3ea43243bb56571d580d187f8d1d7 style_1 top-icon\"><div class=\"porto-sicon-top\"><div id=\"porto-icon-47921198369fb2f3b8537b\" class=\"porto-just-icon-wrapper porto-sicon-img\" style=\"font-size: 60px;\"><img loading=\"lazy\" decoding=\"async\" class=\"img-icon\" alt=\"\" src=\"https:\/\/partnersmarine.com\/wp-content\/uploads\/2024\/01\/favicon.png\" width=\"378\" height=\"378\" \/><\/div><\/div><div class=\"porto-sicon-header\"><h3 class=\"porto-sicon-title\" style=\"font-weight:700;font-size:1.3125rem;line-height:1.4;\">LOJ\u0130ST\u0130K VE TRANSFER<\/h3><\/div> <!-- header --><div class=\"porto-sicon-description\" style=\"\"><span style=\"color: #383838;\">\u0130stanbul \u0130\u00e7i Vito VIP Ara\u00e7 Tedari\u011fi<br \/>\nTransfer ve Konaklama Organizasyonlar\u0131<\/span><\/div> <!-- description --><\/div><!-- porto-sicon-box -->[\/vc_column_inner][vc_column_inner el_class=&#8221;col-sm-6 m-b-lg&#8221; width=&#8221;1\/2&#8243; animation_delay=&#8221;1100&#8243; offset=&#8221;vc_col-lg-6 vc_col-md-6&#8243; animation_type=&#8221;fadeInUp&#8221;]<div class=\"porto-sicon-box  vc_custom_1709109637240 h-100 hover-effect-1 background-color-light py-5 p-l-lg p-r-lg mb-0  wpb_custom_6bd3ea43243bb56571d580d187f8d1d7 style_1 top-icon\"><div class=\"porto-sicon-top\"><div id=\"porto-icon-138673684869fb2f3b85695\" class=\"porto-just-icon-wrapper porto-sicon-img\" style=\"font-size: 60px;\"><img loading=\"lazy\" decoding=\"async\" class=\"img-icon\" alt=\"\" src=\"https:\/\/partnersmarine.com\/wp-content\/uploads\/2024\/01\/favicon.png\" width=\"378\" height=\"378\" \/><\/div><\/div><div class=\"porto-sicon-header\"><h3 class=\"porto-sicon-title\" style=\"font-weight:700;font-size:1.3125rem;line-height:1.4;\">ORGAN\u0130ZASYONEL Y\u00d6NET\u0130\u015e\u0130M VE DANI\u015eMANLIK<\/h3><\/div> <!-- header --><div class=\"porto-sicon-description\" style=\"\"><span style=\"color: #383838;\">\u015eirket Departman\u0131 Altyap\u0131 Kurulumu<br \/>\nOrganizasyon \u015eemas\u0131<br \/>\n\u0130\u015f Tan\u0131mlar\u0131 ve Sorumluluklar\u0131<br \/>\nStratejik ve Hukuksal Destek<\/span><\/div> <!-- description --><\/div><!-- porto-sicon-box -->[\/vc_column_inner][\/vc_row_inner][vc_custom_heading text=&#8221;UZMANA \u0130HT\u0130YACINIZ MI VAR ?&#8221; font_container=&#8221;tag:p|text_align:center&#8221; use_theme_fonts=&#8221;yes&#8221; skin=&#8221;light&#8221; animation_delay=&#8221;300&#8243; el_class=&#8221;mb-2 pt-4&#8243; animation_type=&#8221;fadeInUp&#8221;][vc_custom_heading text=&#8221;Bize Ula\u015f\u0131n&#8221; font_container=&#8221;tag:h3|font_size:1.8em|text_align:center|line_height:1&#8243; use_theme_fonts=&#8221;yes&#8221; skin=&#8221;light&#8221; animation_delay=&#8221;400&#8243; el_class=&#8221;mb-4&#8243; animation_type=&#8221;fadeInUp&#8221;][vc_btn title=&#8221;\u0130LET\u0130\u015e\u0130M&#8221; style=&#8221;outline&#8221; align=&#8221;center&#8221; skin=&#8221;light&#8221; animation_delay=&#8221;500&#8243; el_class=&#8221;mb-5 pb-lg-5&#8243; animation_type=&#8221;fadeInUp&#8221; link=&#8221;url:https%3A%2F%2Fpartnersmarine.com%2Fcontact-us%2F|title:%C4%B0leti%C5%9Fim&#8221;][\/vc_column][\/vc_row]<\/p>\n<\/section>","protected":false},"excerpt":{"rendered":"<p>[vc_row wrap_container=&#8221;yes&#8221; el_class=&#8221;py-5 background-color-primary bg-attach-fixed section-bottom-triangle-reverse&#8221; css=&#8221;.vc_custom_1707169969258{background-image: url(https:\/\/partnersmarine.com\/wp-content\/uploads\/2024\/01\/BG2.jpg?id=2573) !important;background-position: center !important;background-repeat: no-repeat !important;background-size: cover !important;}&#8221; conditional_render=&#8221;%5B%7B%22value_role%22%3A%22administrator%22%7D%5D&#8221;][vc_column][vc_custom_heading text=&#8221;H\u0130ZMETLER\u0130M\u0130Z&#8221; font_container=&#8221;tag:p|text_align:center&#8221; use_theme_fonts=&#8221;yes&#8221; skin=&#8221;light&#8221; el_class=&#8221;mb-0 pt-4&#8243; animation_type=&#8221;fadeIn&#8221;][vc_custom_heading text=&#8221;Optimizasyon Hizmetleri Temel Bile\u015fenleri&#8221; font_container=&#8221;tag:h2|font_size:1.8em|text_align:center|line_height:1&#8243; use_theme_fonts=&#8221;yes&#8221; skin=&#8221;light&#8221; animation_delay=&#8221;100&#8243; el_class=&#8221;mb-2&#8243; animation_type=&#8221;fadeInUp&#8221;][vc_row_inner el_class=&#8221;justify-content-center cards-medical-services&#8221; css=&#8221;.vc_custom_1706208845782{padding-top: 30px !important;}&#8221;][vc_column_inner el_class=&#8221;col-sm-6 m-b-lg&#8221; width=&#8221;1\/2&#8243; animation_delay=&#8221;500&#8243; offset=&#8221;vc_col-lg-6 vc_col-md-6&#8243; animation_type=&#8221;fadeInUp&#8221;][\/vc_column_inner][vc_column_inner el_class=&#8221;col-sm-6 m-b-lg&#8221; width=&#8221;1\/2&#8243; animation_delay=&#8221;700&#8243; offset=&#8221;vc_col-lg-6 vc_col-md-6&#8243; animation_type=&#8221;fadeInUp&#8221;][\/vc_column_inner][vc_column_inner el_class=&#8221;col-sm-6 m-b-lg&#8221; width=&#8221;1\/2&#8243; [&hellip;]<\/p>\n","protected":false},"author":1,"featured_media":0,"parent":0,"menu_order":0,"comment_status":"closed","ping_status":"closed","template":"","meta":{"footnotes":""},"class_list":["post-15","page","type-page","status-publish","hentry"],"lang":"tr","translations":{"tr":15,"en":2802},"pll_sync_post":[],"_links":{"self":[{"href":"https:\/\/partnersmarine.com\/index.php?rest_route=\/wp\/v2\/pages\/15","targetHints":{"allow":["GET"]}}],"collection":[{"href":"https:\/\/partnersmarine.com\/index.php?rest_route=\/wp\/v2\/pages"}],"about":[{"href":"https:\/\/partnersmarine.com\/index.php?rest_route=\/wp\/v2\/types\/page"}],"author":[{"embeddable":true,"href":"https:\/\/partnersmarine.com\/index.php?rest_route=\/wp\/v2\/users\/1"}],"replies":[{"embeddable":true,"href":"https:\/\/partnersmarine.com\/index.php?rest_route=%2Fwp%2Fv2%2Fcomments&post=15"}],"version-history":[{"count":14,"href":"https:\/\/partnersmarine.com\/index.php?rest_route=\/wp\/v2\/pages\/15\/revisions"}],"predecessor-version":[{"id":2848,"href":"https:\/\/partnersmarine.com\/index.php?rest_route=\/wp\/v2\/pages\/15\/revisions\/2848"}],"wp:attachment":[{"href":"https:\/\/partnersmarine.com\/index.php?rest_route=%2Fwp%2Fv2%2Fmedia&parent=15"}],"curies":[{"name":"wp","href":"https:\/\/api.w.org\/{rel}","templated":true}]}}